est common factor of i and p?
2
Let d = -128 + 165. Calculate the greatest common factor of d and 592.
37
Let f(u) = -7*u**2 + u + 8. Let a be f(-4). Let v = -36 - a. What is the highest common factor of 9 and v?
9
Let a(r) = r**2 - 3*r - 2. Let u be a(4). Let t = 6 + 16. What is the greatest common divisor of u and t?
2
Let y(z) = -22*z - 8. Let m be y(-6). Let i = m + -76. Calculate the highest common factor of i and 12.
12
Let b be (-9)/((-315)/(-1480))*(-14)/4. Calculate the greatest common factor of 12 and b.
4
Let g be (-3 + 3)/(0 + -2). Suppose g = -2*o + 41 + 47. Suppose 0 = 17*v - 0*v - 187. Calculate the highest common factor of v and o.
11
Let k(h) = h + 2. Suppose -3 = 5*f - d, 3*f + 2*d + 3*d - 15 = 0. Let l be k(f). What is the greatest common divisor of l and 22?
2
Let k be 2*(332 + (4 - (-28)/(-8))). Let u = k - 390. What is the greatest common divisor of 25 and u?
25
Let v(r) = r**2 - r - 4. Let s be v(3). Suppose 4*y - s = 2. Let t be 4 + (-6 - 1*(-3 - 0)). Calculate the greatest common factor of y and t.
1
Let p(v) = 3 - 1 - 5 - 5 - v. Let b be p(-12). What is the highest common divisor of b and 12?
4
Let h(c) = 61*c + 1677. Let x be h(-27). Let j(k) = -k**3 + 5*k**2 + k - 5. Let g be j(-5). What is the highest common factor of g and x?
30
Let o = 74 - 8. What is the greatest common factor of 1056 and o?
66
Let i(o) = o**2 - 2*o + 8. Let n be i(4). What is the greatest common factor of 56 and n?
8
Suppose -1 = -u + 47. Let s = 77 + -26. Let t = s - 35. What is the greatest common factor of u and t?
16
Let u = 123 + -48. Suppose -2*v + 10 = 6. Suppose o - v*o = -30. What is the greatest common factor of o and u?
15
Suppose -4*x - 64 = -4*c, 0 = 3*c + 2*c - x - 96. Calculate the greatest common divisor of 140 and c.
20
Suppose -q + 4 = -4. What is the highest common factor of q and 136?
8
Suppose 2*m = -2, -2*o + 241 - 19 = 2*m. Suppose -2582 + 2630 = 3*p. What is the greatest common divisor of o and p?
16
Suppose 0 = -2*m + 5*t + 28, 3*m + 3*t - 3 = 18. Let z(k) = 100*k**2 - k - 2. Let h be z(-1). What is the greatest common factor of m and h?
9
Suppose 0 = -477*g + 487*g - 600. What is the highest common factor of g and 540?
60
Suppose 0 = 43*f - 59*f + 2560. What is the highest common factor of f and 15?
5
Suppose 12*r = 17 + 7. What is the greatest common factor of 14 and r?
2
Suppose -42 = 3*u - 90. Suppose 6 + u = 2*x. What is the highest common divisor of x and 187?
11
Let r = 1450 + -1370. What is the greatest common divisor of r and 64?
16
Let h(s) = 3*s + 3. Let j be h(5). Let x = 48 + j. What is the greatest common divisor of 6 and x?
6
Let x(m) = m + 20. Let g be x(-15). Suppose -g*b - 2*j + 30 = -0*b, 2*j = 2*b - 26. Calculate the greatest common divisor of 20 and b.
4
Let k be (-56)/(-6) + 121/33 + -4. What is the greatest common factor of 153 and k?
9
Let g be 3/(-6)*8 - -25. Let o = 36 - g. What is the greatest common factor of 165 and o?
15
Suppose 124 - 4 = 5*q. Let f be (-13)/39 - (-19)/3. What is the greatest common divisor of q and f?
6
Let t = 11 + -7. Suppose -4 - t = 4*b. Let v be (b + 1)*(-6)/2. What is the highest common divisor of v and 21?
3
Let b(h) = 39*h**3 - 2*h**2 + h + 2. Let k be b(2). Suppose -k + 2460 = 2*n. Suppose -5*w + n = -84. What is the greatest common factor of w and 29?
29
Let r(l) = 3*l + 11. Let x be r(-6). Let i be 8*1 - (-7)/x. Calculate the highest common factor of i and 63.
7
Suppose 205 = 3*v + 2*p, 2*v - 6*v + 245 = -3*p. Calculate the highest common factor of v and 117.
13
Suppose -2*x = -4*f + 1 + 7, -2 = -f + 2*x. Let p(q) = 2*q**2 + f*q - 4 + 3*q**2 + 6*q - 3*q. Let n be p(3). Calculate the highest common divisor of 7 and n.
7
Suppose 2*b - o + 16 = 5*b, 3*b + 3*o - 12 = 0. Let q be (-49)/98*(-5)/(5/b). Calculate the greatest common factor of 24 and q.
3
Suppose 3*q - 4*c + 16 + 10 = 0, -3*c = -15. Let d(n) = -7*n + 8. Let b be d(q). What is the highest common divisor of 176 and b?
22
Let f be 3*92/10 - 100/(-250). Let v be -1*1 - (-309 + 0). What is the greatest common divisor of v and f?
28
Suppose 2*f + 5*i = -2*f + 238, -2 = i. Suppose 0 = -3*x + 88 + 191. What is the greatest common divisor of x and f?
31
Let x(v) = -v**3 - 6*v**2 + 5*v + 2. Let f be x(-7). What is the greatest common factor of f and 96?
16
Suppose -14 - 16 = -3*v. Let l(t) = 3*t + 65. Let w be l(5). What is the greatest common factor of v and w?
10
Let j(v) = -63*v - 6. Let s = 24 - 26. Let g be j(s). Suppose -4*w + 12 = 5*f - 63, 2*f - 6 = 0. Calculate the greatest common factor of w and g.
15
Let y be 5*6/(-4 + 1). Let d(m) = -m**3 - 11*m**2 - 11*m - 12. Let j be d(y). Let k be (-35)/j*(2 - 0). Calculate the greatest common divisor of 14 and k.
7
Let a(d) = d**2 - 21*d. Let n be a(19). Let m = -26 - n. Calculate the highest common factor of 72 and m.
12
Suppose 92 = 12*q - 28. Calculate the highest common divisor of 295 and q.
5
Let i(x) = -2*x**2 + 15*x - 9. Let t be i(6). Let c(b) = 3*b**2 + 4*b - 13. Let z be c(t). Calculate the greatest common factor of 38 and z.
38
Suppose 50 = 2*c - 0*c - b, 4*c - 100 = 4*b. Suppose 4*y - 3*s = 192, y + 3*s - c = -2*s. What is the highest common factor of 5 and y?
5
Let o(s) = -16*s**2 - 195*s + 18. Let i be o(-10). What is the highest common factor of 322 and i?
46
Suppose 4*p - 46 = -54, 2*q + p - 48 = 0. Calculate the highest common divisor of q and 10.
5
Let h be 6/24 + (-22)/(-8). Suppose 0 = -h*f - 2 - 1. Let o(d) = 10*d**2 + 2*d + 1. Let s be o(f). Calculate the greatest common factor of 18 and s.
9
Let v(q) = 3*q**3 - 7*q**2 + 3*q + 17. Let g be v(5). What is the greatest common factor of 87 and g?
29
Let v(c) = -5*c + 136. Let h be v(11). What is the greatest common factor of 54 and h?
27
Let v(q) = -5*q**2 - 10*q - 2. Let i be v(-7). Let l = -121 - i. Let c(g) = 9*g**3 - 2*g**2 + 1. Let a be c(1). Calculate the greatest common factor of l and a.
8
Suppose -u = -2*h - 40, -u + 2*u + 5*h = 5. Suppose -344 - 406 = -5*c - 4*t, 2*c - 3*t - 300 = 0. What is the highest common factor of u and c?
30
Let q be (11/9 - 1) + (-2493)/(-81). Let j = -24 + q. Calculate the greatest common factor of j and 7.
7
Let v = -1084 + 1085. What is the greatest common factor of 40 and v?
1
Suppose 21*x - 19*x - 116 = 0. Let r = -42 + x. Calculate the greatest common divisor of 32 and r.
16
Suppose -2*b = -5*t - 0*t - 37, 1 = -t. Suppose -540 = -b*s + 13*s. What is the greatest common divisor of 20 and s?
20
Let s = -68 - -106. Let g = s + -10. Suppose -14*i = -11*i - 126. Calculate the highest common divisor of i and g.
14
Let f be 259/(-91) - 4/26. Let a be (9/(-9))/(1/f + 0). Calculate the highest common divisor of a and 6.
3
Let c(a) = -a**2 + 8*a - 17. Let t be c(8). Let i = 3 - t. What is the highest common divisor of i and 50?
10
Suppose -14 = -4*y - 2*x, 7*x - 2*x = y - 31. What is the highest common divisor of y and 12?
6
Let h = -77 - -44. Let v = -20 - h. Let g(x) = -x**3 - 15*x**2 - 14*x + 39. Let j be g(-14). Calculate the highest common factor of v and j.
13
Let w(x) = x**3 - x**2 - x - 24. Let h be w(0). Let a = -26 - h. Let l be a - 12/(-2 + -1). What is the highest common divisor of 2 and l?
2
Suppose -2*y = -b + 1, -2*y + 0*y + 3 = 3*b. Suppose -3*h = -g - 7*h + 108, 5*g - 4*h - 420 = y. Calculate the greatest common factor of g and 8.
8
Let d be -7*(-3 - 95/(-35)). Suppose 0 = -2*s + 5*t - 15, -t + d*t = 2*s - 5. What is the highest common divisor of 20 and s?
5
Suppose -5*o - 50 = -4*o. Let g be 90/o*(-1 - 4). What is the highest common factor of g and 63?
9
Suppose -3*a + d = -51, -14*a + 17*a - 51 = -3*d. What is the greatest common factor of a and 1054?
17
Let c(g) = 23*g - 11. Let s be (-2)/1*10/(-4). Let n = 6 + s. Let b be c(n). What is the highest common factor of 22 and b?
22
Let z(r) = 5*r**3 + r**2 + 8*r - 14. Let n be z(3). What is the greatest common divisor of 28 and n?
14
Suppose -d + 7 = -0*d + 4*o, 5*o - 40 = 5*d. Let j = d + 31. Let z be -130*(-2 + 8/5). What is the greatest common divisor of j and z?
26
Let s = -216 + 288. Calculate the highest common divisor of 2448 and s.
72
Let j be 45 - (3*-3)/(-3). Let o be j/6 + 0/(-1). Suppose -21 = -2*k + 21. What is the greatest common divisor of k and o?
7
Suppose -2*o = -4*o - 6, 3*j -